 divisor of 51 and q?
17
Let j(w) = 2*w**2. Let g be j(-1). Let s(f) = 8*f**g + 4 - 5 + 2. Let n be s(2). Calculate the highest common divisor of n and 22.
11
Let k(n) = -n**2 - n + 224. Let q be k(0). What is the greatest common factor of q and 32?
32
Suppose 4*s + 0*s = 20. Suppose -4*i + s = -3*i. Let o = i + 37. Calculate the greatest common divisor of 28 and o.
14
Let i(h) = -31*h - 4. Let f(n) = 10*n + 1. Let q(u) = -7*f(u) - 2*i(u). Let t be q(-1). Calculate the greatest common factor of t and 9.
9
Let t = -9 + 5. Let n = 1 - t. What is the highest common divisor of 5 and n?
5
Let g(d) = 33*d**2 - 4*d + 4. Let u be g(1). Suppose 5*i + 4*n = 43, 5*n = 3*i + 17 - 65. What is the greatest common divisor of u and i?
11
Suppose 2*g - 6 = -0*g. Let n = -16 + 17. Suppose g*p + n = 4. Calculate the greatest common divisor of p and 3.
1
Let r = 5 - -75. Suppose 4*p - r = 2*p. Let q be 48/10*(-20)/(-6). What is the highest common factor of p and q?
8
Let n be 470/(0 + (-4)/(-6)). Suppose -5*q + n = 4*t, -t + q = -256 + 73. Calculate the highest common divisor of 18 and t.
18
Suppose 0 = 3*a - 23 - 16. Suppose -1 = -4*f - a. Let m(g) = -g**3 + 2*g**2 - 2*g - 3. Let t be m(f). Calculate the highest common factor of t and 12.
12
Let y(g) = 8*g**3 - 8*g**2 + 3*g - 3. Let r be y(3). What is the greatest common divisor of 30 and r?
30
Let f(n) = -n**3 - 2*n**2 + 2*n + 4. Let l be f(-3). Calculate the highest common divisor of l and 28.
7
Suppose -2 = -3*g + 2*m, -3*m + 1 = -4*g + 3. Let t(q) = 9*q**2 + 2*q - 1. Let s be t(1). Calculate the greatest common factor of s and g.
2
Let c = 53 - 22. Suppose -4*x + c - 111 = 0. Let j = -6 - x. Calculate the highest common factor of 70 and j.
14
Let l(y) = -1 - 1 + 10*y - 2. Let i be l(6). What is the highest common divisor of 7 and i?
7
Let q(b) = -b**2 - 5*b. Let y be q(-5). Suppose 4*g = -o + 463, -g + y*g = 2*o - 121. Suppose 47 = f + 1. What is the greatest common divisor of g and f?
23
Let u(n) = -n**3 - 4*n**2 - 5*n - 2. Let l be u(-5). Let r(a) = a**3 - 12*a**2 + 8. Let k be r(12). What is the greatest common factor of l and k?
8
Suppose 3*g - 688 = -5*u, -2*g + 552 = 4*u - 0*g. What is the greatest common divisor of u and 56?
28
Suppose 3*h + 5*b = -25, 4*h + 2*b = 2*h - 10. Suppose -2*t + 14 - 2 = h. Let g be 2/t*1*78. Calculate the highest common divisor of 65 and g.
13
Suppose 0 = -i + 2*i + 5*u - 27, 0 = 4*i - u - 3. Suppose i*m - 41 = 333. Calculate the highest common divisor of m and 17.
17
Let z = -33 - -22. Let a = 13 + z. What is the highest common divisor of 22 and a?
2
Let k(s) = 4*s - 1. Let p be k(4). What is the highest common divisor of 15 and p?
15
Let z(t) = 7*t**2 - 2 - 2*t - 1 + 5. Let f be z(-4). Suppose f = 4*r - 78. What is the highest common factor of r and 10?
10
Let x = 47 - 29. Let u = 51 + -39. Calculate the greatest common divisor of x and u.
6
Suppose -5*z + 159 = -3*p, 57 = 4*z - 2*z + p. Calculate the highest common factor of z and 210.
30
Let a be 29 + ((-9)/3 - 1). What is the highest common divisor of a and 5?
5
Suppose -g + 9 = -r, -g + 3 = -4*r - 3. What is the greatest common divisor of 2 and g?
2
Let j = -1 + 2. Let o be (6 - 5)/(j/14). What is the highest common divisor of o and 7?
7
Let m(c) = 8*c - 33. Let i be m(5). What is the greatest common factor of 112 and i?
7
Let d be (0 - (-72)/10)*5. What is the greatest common divisor of d and 54?
18
Suppose 168 = t + 2*l + 2*l, -4*l - 8 = 0. Calculate the highest common divisor of 16 and t.
16
Suppose 2*j - 5*j + 15 = 0. Suppose -j + 20 = -5*n. Let b be (2/3)/(n/(-117)). Calculate the highest common divisor of 65 and b.
13
Suppose -72 - 72 = -9*a. Suppose 412 = 3*j - 4*n - 0*n, 20 = 4*n. What is the greatest common divisor of j and a?
16
Let f(b) = -4*b + 6*b**2 - 2 + 2*b - b**3 + 0*b. Let a be f(4). Suppose -2*z = -4*z + 132. What is the greatest common factor of z and a?
22
Let t = 5 + -2. Suppose 2*o + 5*p - 14 = 0, -p = t*o - 2*p - 38. Suppose -d - 4*d = -90. Calculate the greatest common factor of d and o.
6
Let d = 13 + -2. Suppose 0 = a - t - 7 - 22, -2*a + 4*t + 50 = 0. What is the greatest common factor of a and d?
11
Let d be (-8)/(-36) + (-130)/18. Let v = -6 - d. Calculate the greatest common divisor of 4 and v.
1
Let j = -4 + 17. What is the highest common factor of 91 and j?
13
Suppose 0 = -3*a - 3 - 3, -4*a = 2*p. What is the highest common divisor of p and 4?
4
Let s be 3/((22/(-12))/(-11)). Calculate the highest common factor of 2 and s.
2
Let j be 217*4*1/4. What is the highest common factor of 31 and j?
31
Let s(j) = j**2 - 3*j - 6. Let g be s(5). Suppose -30 = 2*a - g*a. Calculate the highest common factor of 30 and a.
15
Let y(m) = 8*m**2 - 6*m - 7. Let n be y(-4). Calculate the greatest common factor of n and 29.
29
Suppose -3*h + 72 = 2*i, 4*h + 5*i + 74 = 177. What is the highest common factor of h and 154?
22
Let y be 1 + 9 + 2 + -2. Calculate the greatest common divisor of 170 and y.
10
Suppose -3*l = 2*l - 145. Suppose l + 51 = 5*v. Calculate the highest common divisor of 64 and v.
16
Suppose 2*s - 10 = -5*c - 3*s, 0 = -3*s - 9. Let h(r) = 2*r + 2. Let q be h(c). Let p be (54/(-3))/(6/(-36)). What is the highest common factor of p and q?
12
Suppose -14*j - 83 = -349. Suppose -g = -6*g + 95. What is the highest common factor of g and j?
19
Let m(p) = -p**2 - 10*p - 8. Let k be m(-6). What is the highest common divisor of 2 and k?
2
Let l(a) be the second derivative of -a**5/20 - a**4/6 - 2*a**3/3 - 3*a**2/2 + a. Let z be l(-2). Let s = 0 + z. What is the highest common divisor of 35 and s?
5
Let f be (-2)/1*(-7 - 0). Calculate the greatest common factor of f and 154.
14
Suppose 104 = 5*c - 556. What is the highest common factor of c and 12?
12
Let t = 41 + -33. What is the greatest common factor of t and 88?
8
Let q be 1 + 0 + 7*1. Suppose f = 2 - 1. Calculate the greatest common factor of f and q.
1
Let x(p) = p**2 - 4*p - 5. Let t be x(9). What is the highest common divisor of 5 and t?
5
Let j be (-5)/15 + (-134)/3. Let w = -23 - j. Let t be (4 - 3)*w/2. Calculate the greatest common divisor of 55 and t.
11
Let y = -17 - -20. What is the highest common factor of y and 21?
3
Let g be (-1)/(-2*(-3)/(-198)). Let k = g - 12. What is the highest common factor of k and 147?
21
Let w = 104 + -102. What is the greatest common factor of w and 6?
2
Suppose -2*f = k - 108 + 32, -3*f + k = -104. Suppose 2*q + f = 6*q. Suppose 0 = -5*c - 11 + 146. Calculate the greatest common factor of q and c.
9
Let d be (-76)/(-6) - (5 + 48/(-9)). Suppose 4*h = 6*h - 1812. Let a be h/14 - (-4)/14. Calculate the highest common divisor of d and a.
13
Let o(s) = -3*s - 3. Let m be o(2). Let b = 57 - m. Calculate the greatest common factor of b and 6.
6
Let t = -3 - -5. Suppose -4*q + 85 = q + 5*p, -3*p + 33 = t*q. Calculate the greatest common divisor of q and 162.
18
Let o(s) be the third derivative of -s**4/24 - s**3/6 - s**2. Let b be o(-1). Suppose b = 4*u - 6*u + 12. Calculate the highest common divisor of 4 and u.
2
Let z(f) be the first derivative of 1/4*f**4 + 5/3*f**3 + 3/2*f**2 + 5*f + 3. Let r be z(-4). Calculate the greatest common divisor of 9 and r.
9
Let k be 9/6*(2 + 0). Suppose -k*t + 19 = 4*w, -4*w = w - t. What is the highest common factor of 7 and w?
1
Let c be (1*2)/(22/143). Calculate the highest common divisor of 169 and c.
13
Suppose -5*i - u + 80 = 0, -3*i - u + 40 = -2*u. Let q = i + 3. Calculate the greatest common divisor of q and 27.
9
Let a = -5 + 16. Let y = a + 61. What is the greatest common factor of y and 8?
8
Let f = 27 + -12. Calculate the highest common divisor of 15 and f.
15
Let h = -303 + 458. What is the highest common factor of h and 31?
31
Suppose -7*b + 27 + 36 = 0. What is the highest common divisor of b and 1?
1
Suppose 2*n - s = n + 3, 3*s = -15. Let j be (n - -11)/((-6)/(-8)). Let b(h) = 8*h**2 + h - 1. Let r be b(1). Calculate the greatest common divisor of j and r.
4
Suppose -5*d = 3*d - 96. Calculate the greatest common factor of 144 and d.
12
Suppose 4*o = -3 + 11. Suppose -3 = -3*s + 2*w, w - o + 3 = s. Let l = -4 + 5. Calculate the greatest common divisor of l and s.
1
Let i be (-5)/((-10)/6)*1. Suppose -8 = -y - i. What is the highest common factor of 2 and y